-z = -6*z + 15. Suppose -4*m + t = -40, z*t + 56 = 4*m - 2*t. Calculate the remainder when m is divided by 4.
1
Let o be (-18)/126 - 2/(-14). Suppose d + 22 - 74 = o. What is the remainder when d is divided by 11?
8
Let v(d) = -d**3 + 28*d**2 - 24*d - 74. Let b(f) be the second derivative of f**3/6 - 2*f**2 - 2*f. What is the remainder when v(27) is divided by b(8)?
3
Suppose 0 = 147*z - 90*z - 1938. What is the remainder when 89 is divided by z?
21
What is the remainder when 37 is divided by 1/(-7 + 297/42)?
9
Let i be (-1)/2 + (-20)/(-8). Suppose -i*c - 4*n = -n, c + 2 = -2*n. Suppose 0*g + 30 = c*g. What is the remainder when 17 is divided by g?
2
Suppose 1968*r - 1980*r + 300 = 0. What is the remainder when 193 is divided by r?
18
Let b(g) = 2*g + 17. Let y be b(-8). Calculate the remainder when 35 is divided by (y/1)/((-4)/(-44 - -8)).
8
What is the remainder when 35 is divided by (64/(-36))/(-8) - 464/(-18)?
9
Let q(c) = 13*c - 308. Calculate the remainder when q(43) is divided by 66.
53
Let t = 177 - 125. What is the remainder when t is divided by 20?
12
Suppose -82 - 38 = -3*u. Calculate the remainder when u is divided by 246/14 + -2 - (-36)/(-63).
10
Suppose -4*y + 35 - 19 = 0. Let o be 78/12 - (-2)/y. Suppose -550 = 2*w - o*w. What is the remainder when w is divided by 28?
26
Suppose -x + 25 = 4*s - 45, -x + 4*s = -38. Let k(z) = z**3 + 8*z**2 + 14*z + 26. Calculate the remainder when x is divided by k(-6).
12
Suppose -7*b + 0*b + 14 = 0. Suppose n + b = 9. Calculate the remainder when 20 is divided by n.
6
Let p(d) = -2*d + 47. Let h = -9 + 12. Suppose o - 4*c = 13, -7 = 2*c - h. Calculate the remainder when p(20) is divided by o.
2
Suppose -5*x + 51 = 2*p, 4*x - 5*p + 31 - 85 = 0. Let f(h) = h + 19. What is the remainder when f(0) is divided by x?
8
Suppose 72 = -155*w + 161*w. What is the remainder when w is divided by 11?
1
Calculate the remainder when (-2 + 0 - 2)*279/(-6) is divided by 61.
3
What is the remainder when 274 is divided by -1 - ((-112)/(-20))/((-2)/25)?
67
Let h = 90 - -230. What is the remainder when h is divided by 54?
50
Let t(x) = -78*x + 1118. Calculate the remainder when 82 is divided by t(14).
4
Let f(v) = -7*v**2 + 11*v - 294*v**3 + 293*v**3 + 18 - 4*v**2. Suppose -14 = -4*o - 2, -4*o + 52 = 5*c. What is the remainder when f(-12) is divided by c?
6
Let g(j) = -j**2 + 8*j - 7. Suppose 4*r = -0*r + 2*s + 22, -5*s + 10 = 3*r. Calculate the remainder when g(r) is divided by 2.
0
Suppose 3*m + 0*b - 4*b = 13, b = 2. Let t = 44 - 22. Let z = t - 19. Calculate the remainder when m is divided by z.
1
Suppose 166 - 73 = y. Suppose -95*d + y*d = -84. What is the remainder when 167 is divided by d?
41
Suppose 0 = 4*v, -4*v = 5*i - 34 + 9. Suppose -i*x = 3*c + 11, 3*x + 10 + 8 = 2*c. What is the remainder when 41 is divided by c?
2
Let c = -1324 + 1332. Let f(g) = -2*g**2 + 8*g - 4. Let a be f(5). What is the remainder when 9 is divided by (21/a)/((-3)/c)?
1
Let d(k) = -4*k - 1. Let u be d(-4). Let r = 27 - u. Suppose -r*t - 60 = -16*t. What is the remainder when t is divided by 4?
3
Suppose -3090*q + 3092*q - 164 = 0. Calculate the remainder when q is divided by 22.
16
Let t = 8 - -1. Suppose 2*y - 66 = -y. Calculate the remainder when y is divided by t.
4
Let p(b) = -35*b - 17. What is the remainder when p(-4) is divided by 83?
40
Let b(g) = -3*g**3 - 3*g**2 - 3*g - 1. Let a(n) = 3*n + 10. Let w be a(-4). Let p be b(w). Let o = p + -11. What is the remainder when 23 is divided by o?
5
What is the remainder when (-673)/(-5) + 189/(-15) + 13 is divided by 14?
9
Let y = -435 + 445. Suppose 4*h - f = 81, 4*h = 3*f + 2*f + 101. What is the remainder when h is divided by y?
9
Let f = -58 + 116. Suppose t - 2*a - 32 = -a, 0 = -2*t + 4*a + f. What is the remainder when t is divided by 12?
11
Let u(h) = h**3 - 21*h**2 + 2*h + 35. What is the remainder when u(23) is divided by 127?
123
Let j = 1026 - 341. What is the remainder when j is divided by 99?
91
Let w be 11/(132/(-16))*-3. What is the remainder when 497/w - (-3)/4 is divided by 32?
29
What is the remainder when (6 - 65/7)*-49 is divided by 56?
49
Let c(t) = t**2 - 12*t + 20. Let v be c(10). Let i(w) = -w + 80. What is the remainder when i(v) is divided by 23?
11
Suppose 4*q - a = 107, 4*q - 80 = 2*a + 30. Suppose 0*g - g + q = 0. Suppose 2*c = -c + 27. What is the remainder when g is divided by c?
8
Let t(r) = 2*r**3 - 33*r**2 + 244*r + 13. What is the remainder when t(10) is divided by 21?
19
Let t(u) = -u**2 + 8*u + 1. Let j be t(7). Suppose 899 - j = 3*k. Suppose -k = -2*c - 91. Calculate the remainder when c is divided by 26.
25
Let n = -298 + 426. What is the remainder when n is divided by 15?
8
Let s = -765 - -784. Calculate the remainder when 162 is divided by s.
10
What is the remainder when 77 is divided by (32/80)/((-2)/(-80))?
13
Suppose 3*p - 222 = -0*p. Suppose 15 = -5*z, 2*z - p = -2*i - 22. Calculate the remainder when (-4)/32 - (2 - (-1410)/(-16)) is divided by i.
28
Suppose -5*a + 5*i + 800 = 0, 4*a + 4*i = -0*i + 656. Suppose 0 = -5*f - n - n + a, f + 4*n - 18 = 0. Calculate the remainder when 167 is divided by f.
31
Let j(o) = 18*o + 118. What is the remainder when j(-6) is divided by 5?
0
Let r(t) = 2*t + 5. Suppose -2*p - 23 = -3*a, -4*a - p + 30 = -4*p. What is the remainder when r(15) is divided by a?
8
Let w = 19 + -5. Let h(k) = -k - 2. Let r be h(-4). Suppose 3*z - 45 = -r*z. What is the remainder when w is divided by z?
5
Suppose 8*c = -0*c + 208. Calculate the remainder when 180 is divided by c.
24
Let j = 14 + -15. What is the remainder when (53 + 1/j)*4/4 is divided by 14?
10
Suppose 4 - 12 = 4*w, 5*p - 2*w = 1099. What is the remainder when p is divided by 28?
23
Suppose -389*l = -384*l - 60. Calculate the remainder when 27 is divided by l.
3
Let u(v) = 8*v + 48. Calculate the remainder when 79 is divided by u(-4).
15
Suppose -4*r - 20 = 0, 43 = 5*p - 4*r + 3. Suppose -t = -c - p, t - 8 = 3*c + 2*c. Suppose -t*b + 195 = -0*b. Calculate the remainder when b is divided by 17.
14
Suppose 93*m - 111*m = -702. Calculate the remainder when m is divided by 10.
9
Suppose -3*s + 7*s = -5*c + 1804, c - 356 = 4*s. Calculate the remainder when c is divided by 52.
48
Let j(f) = -18*f - 359. Calculate the remainder when 111 is divided by j(-21).
16
What is the remainder when (1 + (-66)/(-10))*5 is divided by (3/15*-1)/(2/(-110))?
5
What is the remainder when 18135/(-124)*(-4)/3 is divided by 52?
39
Let a(b) = -3*b + 21. Let c be a(7). Suppose -2*l = -7*l + 20. What is the remainder when -1 + c + 1/(4/36) is divided by l?
0
Let s = -199 - -236. What is the remainder when 183 is divided by s?
35
Suppose -2*i - 15 = -7*i. Suppose -101*p = -102*p + 14. Calculate the remainder when p is divided by i.
2
Let f = 10 - 10. Suppose -2*t + 31 = 5*r + 2, f = -5*t - 5*r + 35. Suppose 4*v = t*v + 274. Calculate the remainder when v is divided by 35.
32
Suppose 4*b + b - 5*z = 145, 88 = 3*b - 2*z. Calculate the remainder when 174 is divided by b.
24
Suppose c + 8 = -4*w + 95, -w + 3*c = -38. What is the remainder when 44 is divided by w?
21
Let w be 15/(-5)*22/(-6). Suppose -5 = -2*n + w. What is the remainder when 30 is divided by n?
6
Suppose -21 = 8*r - 469. Suppose -58 = -6*d + r. Calculate the remainder when d is divided by 7.
5
Let r(i) = 10*i - 30. Let x be r(6). What is the remainder when (-112)/(-8)*x/21 is divided by 12?
8
Let v = 30 + 1. Suppose v*g - 29*g = 38. What is the remainder when 35 is divided by (g/(-4))/((-5)/20)?
16
Suppose 16*y = -2*y + 4428. What is the remainder when y is divided by 28?
22
Let f = 265 + -182. Suppose -2*u - 5*c - 119 = 0, -u - 21 = -4*c + 6. Let w = u + f. Calculate the remainder when w is divided by 13.
10
Let z = -8 + 24. Suppose 12*v + 4*v = 976. Calculate the remainder when v is divided by z.
13
Let x = -93 + 98. Let l = 6 + x. Calculate the remainder when 12 is divided by l.
1
Suppose 0 = 18*d - 17*d - 63. Let p(i) = 11 - 4 + 2*i**2 - i**2. Calculate the remainder when d is divided by p(-5).
31
Suppose 4*s - 38 = 2. Suppose -8*u + 423 + 49 = 0. Calculate the remainder when u is divided by s.
9
Let s(p) = -p**3 - 4*p**2 + 2*p - 6. Let y be s(-5). Let l = 23 - y. Let z(f) = 2*f**2 + 6*f - 2. Calculate the remainder 